 -2?
645
In base 3, what is -10 + -11110?
-11120
In base 5, what is -4 + 111?
102
In base 4, what is -123321 - 3?
-123330
In base 13, what is -a72 - 3?
-a75
In base 15, what is -2 + 1c?
1a
In base 7, what is 2 + 1504?
1506
In base 11, what is -78 - -1?
-77
In base 6, what is -15 - 154?
-213
In base 9, what is -1 - 46?
-47
In base 8, what is 12 + 435?
447
In base 4, what is -202 - -3?
-133
In base 6, what is 3 + -35?
-32
In base 5, what is 123101 - -10?
123111
In base 12, what is -255 + 2?
-253
In base 8, what is -4424 - 1?
-4425
In base 12, what is -3 + 2644?
2641
In base 2, what is 101 + -100100000?
-100011011
In base 10, what is 0 + -11?
-11
In base 8, what is 2 - 61?
-57
In base 2, what is -101 - 101100101?
-101101010
In base 16, what is 538 - 4?
534
In base 10, what is -3 + 4?
1
In base 5, what is -131 + 244?
113
In base 10, what is -2 - 213?
-215
In base 2, what is -1001000 - 10000?
-1011000
In base 6, what is 20 - -444?
504
In base 7, what is -24 + -4?
-31
In base 5, what is -313 + 1?
-312
In base 7, what is -1 + 3?
2
In base 3, what is 12 - 11012022?
-11012010
In base 6, what is 5 - -104?
113
In base 10, what is -8 - 37?
-45
In base 16, what is -20 - -e?
-12
In base 8, what is -104 - 216?
-322
In base 15, what is 69c - 2?
69a
In base 3, what is -111 - -10121?
10010
In base 5, what is -3 + -1142?
-1200
In base 4, what is -2 + 22130?
22122
In base 16, what is 2c36 + 2?
2c38
In base 10, what is -12 + -2?
-14
In base 9, what is 3 + -258?
-255
In base 5, what is 4432 - -10?
4442
In base 8, what is -56467 + 4?
-56463
In base 15, what is -5 - 1b?
-21
In base 13, what is -5 + -201?
-206
In base 3, what is -120 + -22021?
-22211
In base 7, what is 2510 - -4?
2514
In base 14, what is -d + -1d3?
-202
In base 9, what is -14 + 31?
16
In base 12, what is -47b - -1?
-47a
In base 5, what is -344 + -10?
-404
In base 13, what is -7 + -53?
-5a
In base 14, what is c + -101c?
-1010
In base 14, what is -25 - 5?
-2a
In base 6, what is 452 + -5?
443
In base 13, what is -1 - 18b?
-18c
In base 16, what is 13 + c?
1f
In base 12, what is 2 - -105a?
1060
In base 13, what is a79 + 3?
a7c
In base 6, what is 12 + -214?
-202
In base 10, what is 20 - -27?
47
In base 3, what is 100 + -22?
1
In base 12, what is 45a + -4?
456
In base 2, what is -101 - 1001101011?
-1001110000
In base 5, what is 2111 - 2?
2104
In base 6, what is -222 + 20?
-202
In base 16, what is -3 - 9b?
-9e
In base 11, what is 3 - -202?
205
In base 9, what is 26 + 5?
32
In base 5, what is -3 + 10340?
10332
In base 7, what is 4 - 24?
-20
In base 11, what is -74 + -126?
-19a
In base 7, what is -351 + -13?
-364
In base 14, what is 2d1 - -2?
2d3
In base 10, what is -5 + 22?
17
In base 4, what is -22 + -33?
-121
In base 11, what is 62 - -4?
66
In base 9, what is 26 + -20?
6
In base 12, what is -98 + 10?
-88
In base 6, what is -15212 - 11?
-15223
In base 2, what is 11 - -1010001000?
1010001011
In base 12, what is 0 - a96?
-a96
In base 10, what is 7 - 3?
4
In base 9, what is 36 + 4?
41
In base 16, what is 6 - -3cc?
3d2
In base 8, what is 610 - -2?
612
In base 14, what is -c - 3?
-11
In base 12, what is 210 - -2?
212
In base 10, what is 79 - -29?
108
In base 5, what is -103 + -214?
-322
In base 4, what is 2 + 112?
120
In base 15, what is 4 + -18?
-14
In base 4, what is 211033 + -11?
211022
In base 12, what is -5 + -1?
-6
In base 11, what is -26 - 23?
-49
In base 8, what is 22 + 7?
31
In base 12, what is -1 + bb5?
bb4
In base 15, what is -1 + -1b?
-1c
In base 12, what is 2 - -98?
9a
In base 8, what is -416 + -2?
-420
In base 13, what is -1 - 81?
-82
In base 16, what is 13 + -123?
-110
In base 12, what is -4 + -2?
-6
In base 7, what is -120 + 45?
-42
In base 11, what is 0 + 0?
0
In base 2, what is -101 - -1000011111011?
1000011110110
In base 15, what is 10 - -9?
19
In base 6, what is 32 - -23?
55
In base 6, what is 121023 + -5?
121014
In base 10, what is -23 + 7?
-16
In base 15, what is -6e9 - 2?
-6eb
In base 15, what is -be - -3?
-bb
In base 11, what is -a28 + -10?
-a38
In base 14, what is 28a + 1?
28b
In base 3, what is 0 - -2120?
2120
In base 3, what is -1222 + 0?
-1222
In base 2, what is -11100 + 1011100?
1000000
In base 15, what is -1 + -34?
-35
In base 10, what is -6 - 23?
-29
In base 10, what is 34 - -116?
150
In base 12, what is 3 - 36?
-33
In base 10, what is 71 + 7?
78
In base 5, what is -1021 + -140?
-1211
In base 7, what is -1 + 106?
105
In base 6, what is 25 + -15?
10
In base 16, what is -3 + 2d?
2a
In base 16, what is 197 - -3?
19a
In base 14, what is -349 + 0?
-349
In base 10, what is 298 + -3?
295
In base 8, what is -52 - 346?
-420
In base 15, what is -196 + d?
-188
In base 6, what is 2221 - -3?
2224
In base 8, what is -21642 - 4?
-21646
In base 15, what is 4 - -23?
27
In base 6, what is -1400 + 1?
-1355
In base 15, what is 2 + 32?
34
In base 14, what is 8 + -1?
7
In base 4, what is 12 - 100210?
-100132
In base 5, what is -330 - -33?
-242
In base 6, what is 13 + 153?
210
In base 4, what is 12 - 213?
-201
In base 6, what is 1334 + -5?
1325
In base 4, what is 2002 + 3?
2011
In base 8, what is 1 + -74?
-73
In base 12, what is -4 - 10?
-14
In base 11, what is -70 - -3?
-68
In base 16, what is -9c6 + 2?
-9c4
In base 5, what is -1204 + 1?
-1203
In base 15, what is -91 + 4?
-8c
In base 11, what is 8 - 97?
-8a
In base 7, what is 31 - 55?
-24
In base 3, what is 20011 - 11?
20000
In base 3, what is -1000 + 2100?
1100
In base 13, what is 46 + a3?
119
In base 2, what is 1 - 100011?
-100010
In base 12, what is -4 + 4a1?
499
In base 7, what is 46 - 23?
23
In base 13, what is -2 - -30?
2b
In base 15, what is 79 - 1b?
5d
In base 16, what is -60 + 5?
-5b
In base 16, what is -7 - -24a?
243
In base 5, what is -2 - 1242?
-1244
In base 15, what is 267a + 4?
267e
In base 14, what is 56 + 17?
6d
In base 13, what is 1354 + 8?
135c
In base 14, what is 10d0 - -4?
10d4
In base 4, what is 221 + 112?
333
In base 6, what is -4 + 15341?
15333
In base 2, what is -100 + 10000101?
10000001
In base 16, what is -3a + -f?
-49
In base 4, what is 300 + 3?
303
In base 8, what is 111 - -130?
241
In base 8, what is -2153 - 4?
-2157
In base 10, what is 122 - -4?
126
In base 14, what is 2 - -15?
17
In base 7, what is -35 + 6?
-26
In base 13, what is -32 - 2?
-34
In base 16, what is -d5 - -1?
-d4
In base 10, what is 2 + -174?
-172
In base 5, what is -141 - -120?
-21
In base 9, what is 42 - -7?
50
In base 13, what is 3 - 22?
-1c
In base 16, what is e93 + 4?
e97
In base 5, what is 2 - -1024?
1031
In base 15, what is -1 - -7b?
7a
In base 6, what is 2 + 21402?
21404
In base 11, what is 5 - -1151?
1156
In base 10, what is -1261 + -4?
-1265
In base 6, what is 10 - 3?
3
In base 3, what is -111220 + -1?
-111221
In base 4, what is 10 - -223?
233
In base 14, what is 4 - 2d?
-29
In base 15, what is 126 - -5?
12b
In base 11, what is 139 - -1?
13a
In base 14, what is 231 + 2?
233
In base 6, what is -5 + -54?
-103
In base 14, what is -2 + 48?
46
In base 10, what is 48 - -27?
75
In base 6, what is 10 + 3?
13
In base 5, what is 1 - 103300?
-103244
In base 16, what is 5 - -12?
17
In base 12, what is 60 + 2?
62
In base 2, what is -100 - -111011111?
111011011
In base 8, what is -5650 + 4?
-5644
In base 11, what is -4 - 603?
-607
In base 4, what is 2 - 11211?
-11203
In base 10, what is -491 - -16?
-475
In base 9, what is 1023 - 5?
1017
In base 8, what is 1026 - -2?
1030
In base 3, what is 20 - 202?
-112
In base 11, what is -161 + -2?
-163
In base 15, what is -a3 + 2?
-a1
In base 3, what is -121021 + -10?
-121101
In base 13, what is -a6 - 5?
-ab
In base 6, what is 42213 + -4?
42205
In base 5, what is -3 + 421?
413
In base 13, what is 162 - -3?
165
In base 3, what is -101222 + 1220?
-100002
In base 2, what is 10010 + 1000?
11010
In base 13, what is 4 + -18?
-14
In base 3, what is -1200011100 + -2?
-1200011102
In base 11, what is 53 + 286?
329
In base 14, what is -15c4 - 5?
-15c9
In base 10, what is -410 - -1?
-409
In base 12, what is -61 - b4?
-155
In base 8, what is -5376 + 0?
-5376
In base 7, what is -2360 + 0?
-2360
In base 3, what is 10211 - -101?
11012
In base 7, what is 1 + 1003?
1004
In base 13, what is -288 + 4?
-284
In base 16, what is 20 - -2?
22
In base 9, what is -41 - 4?
-45
In base 9, what is 1323 + -1?
1322
In base 10, what is 0 - 60?
-60
In base